Let k(s) = 10*s**3 - 10*s**2 - 16*s + 1. Let f(y) = 3*y**3 - 3*y**2 - 5*y + 1. Let l(i) = -7*f(i) + 2*k(i). Determine l(5).
-90
Let m = 230 - 225. Suppose 0 = -f - 15*t + 11*t - 4, -5 = m*t. Let w(r) = -r**2 - 1. Calculate w(f).
-1
Let c(b) = 5*b + 8. Let d(n) = 11*n + 17. Let k(p) = 5*c(p) - 2*d(p). Suppose 5*i + 151 = 6*q - 5*q, 3*q = -5*i + 513. Let l = -170 + q. What is k(l)?
-6
Let l(c) = -14 + 21 + 5736*c + 38 - 5730*c. Give l(-6).
9
Let w(z) = 45*z - 1548. Let h(n) = n - 45. Let o(f) = -36*h(f) + w(f). Determine o(-8).
0
Let u(y) = -y**3 - 75*y**2 + 135*y - 1456. Let h be u(-77). Let r(n) = -28*n + 182. What is r(h)?
-14
Let m(h) = -38*h + 21*h + h**2 + 23*h - 1 + 3. Let t(x) = -x - 8. Let w(a) = -2*a - 7. Let n(s) = 3*t(s) - 4*w(s). Let k be n(-2). Determine m(k).
2
Let a(c) = -15*c - 12 - 4*c**2 + 25*c**2 - c**3 - 5*c**2. Let z be ((-18)/15)/((-3)/(-10)) - -19. Determine a(z).
-12
Let w(f) be the first derivative of 12*f - 14 - 1/3*f**3 + 9/2*f**2. Let g be w(10). Let h(d) = -2*d**2 + 2. Give h(g).
-6
Suppose -5*d + 21 = 3*x, -2*x = -3*d - x + 7. Suppose -d*h = -3*v + 12, -3*v - 4*h + 2 = 4. Let i(a) = -39*a - 44*a + v + 82*a. Give i(-6).
8
Let n(c) = -206*c - 208. Let v be n(-1). Let q(i) = -2 + 4*i**2 + 3*i - 4*i**3 + 4 + 6*i**3 + i**3. Calculate q(v).
-12
Let c(d) = -d**3 + 80*d**2 - 227*d - 15. Let l be c(3). Let v(s) = s**2 + 13*s + 38. Calculate v(l).
8
Let y(n) = n**2 - 3*n - 1. Suppose -3 + 21 = -6*b. Let r(s) = 2*s**2 - 2*s - 3. Let h(k) = b*y(k) + 2*r(k). Determine h(-4).
-7
Let d(k) = -3*k**2 - 12*k + 7. Let n(o) = -3*o**2 - 10*o + 6. Let p(w) = -5*d(w) + 6*n(w). Let q be ((-8)/(-6))/((-2)/3). Give p(q).
-11
Let h(f) = -19*f**3 + 6*f**2 + 2*f. Let l be h(-2). Let n = 180 - l. Let v(m) = m**2 - 9*m + 9. Calculate v(n).
1
Let v(h) = 5*h**2. Let k be v(1). Suppose 4*j = 2*d + 8, -j - 2*d - 3 = -k. Let x(f) = 0 + f**j - 3 + 2 - 3*f**2. Determine x(-1).
-3
Let x(i) = -52*i + 143*i - 2128449*i**2 + 2128434*i**2 + 7. What is x(6)?
13
Suppose -188*n + 183*n - 55 = 0. Let g(w) = w**3 + 10*w**2 - 12*w - 15. What is g(n)?
-4
Suppose 1211 = -45*w + 65*w + 1391. Let i(g) be the second derivative of -g**3/6 - 3*g**2 - g. Give i(w).
3
Suppose 4*k - 5*n + 12 = -0*k, 2*k + 6 = -n. Let s(v) = 151*v**2 + 15 + 9 - 3*v + 145*v**2 - 20 - 298*v**2. Determine s(k).
-5
Let f(m) be the first derivative of -43*m**4 + 2*m**3/3 + 3*m**2/2 + 2*m + 6155. Give f(-1).
173
Let h(v) = 8*v**2 - 12*v - 5. Let z = -5102 + 5104. Give h(z).
3
Let j = 4300 + -4313. Let s(g) = g + 20. Determine s(j).
7
Let m(a) = a + 6. Let c be m(-6). Let r be -3 + (16 + c)/(-4). Let g(w) be the first derivative of w**4/4 + 7*w**3/3 - w**2/2 - 2*w + 327. Calculate g(r).
5
Suppose -54 + 10 = 22*v. Let w(y) = 2*y**2 - 2*y - 1. Let g be w(2). Let h(b) = g - 1 - 3 + b + 3. Calculate h(v).
0
Let s(i) = 10*i - 137. Let n be s(15). Let t(z) = -888*z - 7 - 14 + 890*z + 4 - 15. What is t(n)?
-6
Let v(t) = -t**2 - 13*t - 14. Let r(k) = 2*k**2 - 57*k - 43. Let u be r(29). What is v(u)?
-28
Let v(b) = 9*b - 24. Let a be v(3). Suppose 5*g + 5*f - 70 = 0, -2*g + 32 = a*f + 4. Let i(s) = s**2 - 15*s + 15. Give i(g).
1
Let h(u) = -u**3 + 10*u**2 + 15*u + 10. Let t(x) = x**3 + 2*x**2 - 7*x. Let i(m) = -h(m) - 2*t(m). Calculate i(-14).
4
Let v = 139 + -129. Let b(x) = v*x - 4*x**2 - 7 + x**3 + 0*x - 4 + 15*x**2. Calculate b(-10).
-11
Suppose -5*a + a + 3*y + 22 = 0, -5*a = -2*y - 31. Let z(k) = -5*k**2 - 62*k + 53. Let g(t) = -3*t**2 - 33*t + 27. Let n(d) = a*g(d) - 4*z(d). Calculate n(15).
7
Let i(v) be the third derivative of 2*v**5/5 + v**4/6 + v**3 + 2*v**2 - 5883. Give i(-1).
26
Let w(x) be the first derivative of x**3/3 + 5*x**2/2 - 3*x - 123. Suppose -2*j = -v + 12, -5*j - 4*v = -4*j + 6. Calculate w(j).
3
Let m(o) be the first derivative of -1/2*o**2 + 0*o + 33 - 1/3*o**3 - 1/4*o**4. What is m(0)?
0
Let o = -21/326 - -92/163. Let j(a) be the first derivative of -13 - 1/4*a**4 + 12*a - o*a**2 + 3*a**3. Give j(9).
3
Let m(n) = -3*n**3 + 21*n**2 - 54*n - 39. Let d(q) = q**3 - 7*q**2 + 19*q + 13. Let t(j) = 11*d(j) + 4*m(j). Give t(6).
-19
Suppose -28*h + 20*h = 784. Let n = -95 - h. Let y(s) = s**2 - s + 7. Let l(v) = v - 6. Let z(r) = 3*l(r) + 2*y(r). Determine z(n).
17
Suppose -16 - 12 = -z. Suppose -5*t - z = -9*t. Let r(p) = p - 11 + 7 - 4. What is r(t)?
-1
Let j(b) = -8*b + 11. Suppose 0 = -4*s + 5*v - 3, v + 13 = -2*s + 8. What is j(s)?
27
Let u(b) = -3*b + 19*b - 4*b - 6*b. Let i(d) = -2*d. Let t(z) = -2*i(z) - u(z). Suppose -2*q - 4*h + 4 = 0, -5*q + 4 + 6 = 4*h. What is t(q)?
-4
Let h(u) be the second derivative of u**3/6 - 29*u**2/2 + 2584*u - 1. Determine h(25).
-4
Let o(i) = -4*i**3 + 3*i**2 - 3*i + 3. Let k(j) = -5*j + 64. Let b(y) = -1. Let t(r) = -b(r) + k(r). Let w be t(12). Suppose 19 = w*x + 9. Give o(x).
-23
Let v(g) = 12*g + 13. Suppose -4*i - 18 = -2*s, -14 = -151*i + 155*i + 2*s. Give v(i).
-35
Let g(a) be the second derivative of -3*a**5/10 - a**3/6 + a**2/2 + 153*a + 82. Suppose 5 = 5*h - 5. Suppose h = 3*x - x. Give g(x).
-6
Let f be 1 + 6 + (3 - (2 - -3)). Let l be (2 - 22/f)/(10/(-25)). Let b(k) = -3*k - 231*k**2 + l*k + 0*k + 232*k**2 - 2. What is b(-4)?
2
Let c(d) = 354*d - 55 - 204*d - 27 - 172*d + 14 - d**2. Give c(-16).
28
Let v(z) = 197 - 346 - z**3 + 2*z + 146. Suppose -4*o + 9 = f, -3*f = -4*f - 3. Give v(o).
-24
Let t(f) be the second derivative of f**5/20 + 5*f**4/12 - 4*f. Let g be 1*(14/(-2) + 2). What is t(g)?
0
Let c(u) = 6*u + 5*u - 2 - 36*u**2 + 37*u**2 + u - 18*u. Let g(x) = -9*x**3 + 2*x + 1. Let o be g(-1). Give c(o).
14
Suppose 5*t - 4*t - 4*c = 12, -3*c = -t + 12. Suppose -5*j - 11 - 21 = 3*g, 0 = j - 5*g + t. Let d(i) = i**2 + 4*i - 2. Give d(j).
19
Let v(f) = 7*f + f**3 + 11*f**2 + 652 + 0*f - 674 + 2*f. What is v(-10)?
-12
Suppose -48*j - j - 147 = 0. Let z(v) = -v - 6. Let o be z(-9). Let n(c) = 0*c + c**3 + 5*c**2 - 6 - c - 2*c**2 + o. Calculate n(j).
0
Let p(l) = 6*l**3 - 2*l + 2. Let z(s) = -3*s**3 - s**2 - 1. Let r be z(-1). What is p(r)?
6
Let j(d) = 3*d - 4. Let m be (-12)/9*((-6)/(-8) + -6). Let s = 2 - 0. Suppose 0 = -z - g + s*g + m, -1 = 2*z + 3*g. What is j(z)?
8
Let n be (88/14)/(54/189). Let v(s) = 9*s + 6*s + 12 - 2*s + 6*s - n*s. What is v(5)?
-3
Let a(y) = -5 + 1 + 2 - y**3 + 4*y**2 + 3*y. Suppose 18 = 3*c + 3*q, 2*c + 4*q = 20 - 4. Calculate a(c).
10
Let v be (-89)/13 + ((-24)/(-13))/(-12). Let t(m) = 4*m + 19. Let x(f) = 6*f + 29. Let q(z) = -7*t(z) + 5*x(z). What is q(v)?
-2
Let a be (-4 + 0)*15/12. Let t(s) = -4*s**2 - 3*s + 1. Let f(o) = -13*o**2 - 6*o + 9. Let g(d) = f(d) - 3*t(d). Calculate g(a).
-34
Suppose w + 313 = -2*y, -w = -3*y - 2*w - 469. Let i be 1/(-4) - y/48. Let u be (4*-2)/(i - 1) + -2. Let d(j) = 3*j - 1. Calculate d(u).
-19
Let g be (-3 + -3)/1 + 87. Let z = g - 74. Let t(r) = -r**3 + 7*r**2 - 5. Give t(z).
-5
Let h(b) = -13*b - 74. Let l = 182 + -188. Let a be h(l). Let t(k) = 9*k - 7. Let m(s) = s - 1. Let f(p) = -6*m(p) + t(p). Determine f(a).
11
Let i(t) = 2*t + 2. Suppose -2*f = -b - 41 - 689, 0 = -f - 2*b + 370. Suppose -3*p = 357 - f. Give i(p).
8
Let w = 2 + -2. Let b(f) be the second derivative of -f**5/20 + 2*f**2 - 160*f - 4. Determine b(w).
4
Suppose -26*s = -30*s - 5*a - 1811, -1856 = 4*s - 4*a. Let n be 4/18 + 3315/s. Let o(k) = -4*k - k**2 + 9 - 2*k - 1. Determine o(n).
1
Suppose 3*q + 54*f = 58*f - 45, -f + 3 = 0. Let b(n) be the first derivative of -n**4/4 - 4*n**3 - 11*n**2/2 - n + 9. Determine b(q).
-1
Let r(t) be the third derivative of -t**6/120 + t**5/5 - 17*t**4/24 - 11*t**3/2 + 2613*t**2. What is r(10)?
-3
Suppose 20*i - 25 + 65 = 0. Let y(w) = -13*w - 34. Give y(i).
-8
Let v(x) be the third derivative of x**5/120 - x**4/8 + 49*x**3/3 + 4*x**2 + 20*x. Let o(b) be the first derivative of v(b). What is o(5)?
2
Suppose -10 = -4*i - 5*c, -3*i - 4820*c = -4817*c - 3. Let a(v) = -5*v**2 - 15*v + 5. Give a(i).
-45
Let a(t) = 5*t**2 + 5*t + 3. Let p be ((-160)/(-96))/((-15)/18). What is a(p)?
13
Let h(d) = -2*d**2 - 21*d - 31. Suppose -4*c - 20 = 0, -14*j = -11*j + 4*c + 44. What is h(j)?
9
Let x(k) = -7*k**2 + 10 - 13 - 7*k**2 + 75 - 19*k + k**3. Give x(15).
12
Let j(l) = -40. Let v(p) = p + 128. Let m(q) = 3*j(q) + v(q). Let x = 5 - 9. Give m(x).
4
Let o(q) = q**2 - 59*q - 466. Let 